2) - 118/j?
17
Let s(d) = 8*d**2 + 5*d - 10. What is the remainder when s(4) is divided by 20?
18
Suppose 624 = 18*r - 474. What is the remainder when r is divided by 22?
17
Let v(w) = 2*w + 6. Let b be v(-5). Let d = b - -11. Suppose 0 = -z + 2*l - 1 - 1, 0 = 3*z + 3*l - 21. What is the remainder when d is divided by z?
3
Let i(b) = -2*b - 6. Let w be i(-13). What is the remainder when 36 is divided by (-136)/(-10) + (-12)/w?
10
Suppose f + 560 = -3*f. Let o = f + 263. Calculate the remainder when o is divided by 31.
30
Let d be 0/(4 + -6 + 3). Suppose d*m - 45 = -5*m. What is the remainder when 24 is divided by m?
6
Suppose -2*v + 3*z = -4*v + 11, -26 = -4*v - 2*z. Calculate the remainder when 11 is divided by v.
4
Suppose -2*g + 6 = g. Suppose w + w - g*m + 2 = 0, -4*m + 6 = -3*w. Suppose 0 = p + w, 4*s = -4*p + 4 + 8. What is the remainder when 12 is divided by s?
2
Let j(c) = 2*c**2 - 6*c - 4. What is the remainder when j(5) is divided by 18*(20/(-12) - -2)?
4
Let f(n) = n**3 + 5*n**2 - 6*n + 4. Let a be f(-6). Suppose a*s + 0 = 8. What is the remainder when s is divided by 5 + 45/18*(-12)/10?
0
Let k = -5 - -2. Let h = k + 5. What is the remainder when 6 is divided by h?
0
Let i(g) be the third derivative of -g**5/60 + 17*g**4/24 - 3*g**3 - 7*g**2. Suppose 31 - 9 = u. Calculate the remainder when u is divided by i(15).
10
Let t = 8 - -68. Calculate the remainder when t is divided by 26.
24
Suppose 95 = 4*p - 73. Suppose m = -m + p. What is the remainder when m is divided by 12?
9
Let o(b) = -b + 24. Calculate the remainder when 67 is divided by o(10).
11
Let j(v) be the first derivative of -v**4/4 + 7*v**3/3 + 11*v**2/2 - 8*v + 3. Calculate the remainder when j(7) is divided by 18.
15
What is the remainder when 46 is divided by (45/6)/5*(-144)/(-27)?
6
Let p(d) = -14*d**3 + 3*d**2 - 3. Let t be p(2). What is the remainder when 2/8 + t/(-4) is divided by 9?
8
Suppose -11 - 7 = -z. What is the remainder when 70 is divided by z?
16
Suppose -18*w - 23 + 221 = 0. Calculate the remainder when w is divided by 10.
1
Suppose 0*q - 80 = -4*q. Suppose -98 + q = -3*j. Let r = 11 - -3. Calculate the remainder when j is divided by r.
12
Let m(a) = 16*a**2 + a + 1. Suppose -5*h - 1 - 4 = 0. Let b = 79 + -48. Calculate the remainder when b is divided by m(h).
15
Let r be (-4)/(1 - -1 - 1). Let c = r - -3. Let i(k) = 6*k**2 - k - 1. What is the remainder when 17 is divided by i(c)?
5
Suppose -k = -7*k. Suppose -2*z + 24 = -k*z. Calculate the remainder when 35 is divided by z.
11
Suppose 4*s - 12 = -4*k, k + 2*s + 19 = 4*k. Suppose 3*g - 2*v - v - 6 = 0, -3*g - 2*v = -11. What is the remainder when k is divided by g?
2
Let w = -41 + 125. Suppose 0 = -2*a + w - 28. Suppose 3*s - 5*r + 0*r = 65, 4*r = -5*s + 59. What is the remainder when a is divided by s?
13
Let y = -7 - -21. Calculate the remainder when y is divided by 9.
5
Let b(d) = -d**2 + 4*d + 5. Let q be b(4). Suppose 3*i = q*x + 34, 11 = 5*i - 4*i - 2*x. What is the remainder when i is divided by (-20 - 0)/5 - -11?
6
Suppose -r + 2*i - 293 = -6*r, 53 = r - i. Calculate the remainder when r is divided by 15.
12
Let z(u) = 11*u. What is the remainder when z(3) is divided by 9?
6
Let v(k) = -3*k - 12. Let o(l) = -l**2 - 6*l + 2. Let b be o(-5). Suppose -b - 1 = i. What is the remainder when 35 is divided by v(i)?
11
Let h = -16 - -25. What is the remainder when 42 is divided by h?
6
Let c be (-6)/8 + (-75)/(-20). Suppose 4*p = c*a - 225, -2*p = -2*a - 0*p + 152. Calculate the remainder when a is divided by 27.
25
Suppose -2*o + 4*k + 28 = 0, 5*k = -3*o - 14 + 34. Calculate the remainder when 16 is divided by o.
6
Suppose 75 = v + 3*l, 3*v = -6*l + l + 237. Calculate the remainder when v is divided by 29.
26
Suppose -3*d + 31 - 12 = 4*t, 3*t = 3. Calculate the remainder when 9 is divided by 2/2*(d + 0).
4
Suppose l - 3*p - 3 = -6, -l + 2*p - 1 = 0. Suppose l*q = 8 + 52. Calculate the remainder when 39 is divided by q.
19
Let f = 39 - 11. Calculate the remainder when 55 is divided by f.
27
Let l(h) = -h + 5. Let z be l(5). Suppose z = -4*b + 3*o + 19, 7 = b - 2*o - o. Calculate the remainder when 6 is divided by b.
2
Let c(h) = -15*h**3 + 27*h**2 - h + 16. Let f(u) = 7*u**3 - 13*u**2 + u - 8. Let n(p) = -6*c(p) - 13*f(p). What is the remainder when 4 is divided by n(6)?
0
Suppose 2*y + y - 21 = 0. Let i = 21 - y. What is the remainder when 41 is divided by i?
13
Let h = 126 + -81. What is the remainder when 267 is divided by h?
42
Let j(d) = 18*d. Let n be j(-5). Calculate the remainder when (36/14)/(9/42) is divided by (-20)/n + (-122)/(-18).
5
Let o be (2 + -5)/(3/(-46)). Let r = 71 - o. Suppose z + 5*s = -6, -4*z + 3*s + 38 = -7. What is the remainder when r is divided by z?
7
Suppose -4*d = 4*w - 28, 4*w = -5*d + 35 - 2. Suppose 0*c + d*c - 5 = 0. Suppose -2*p + c = -7. What is the remainder when 9 is divided by p?
1
Suppose -2*w + 22 = 2*v - 6*w, -3*v = 4*w + 7. Suppose 10 = 2*x + v*x. Suppose -10 = -x*q + 8. Calculate the remainder when q is divided by 5.
4
Let x = 58 - -4. Suppose -k = -9 - x. Suppose 83 = 3*d + 4*z, -3*d + k = 2*z - 4*z. What is the remainder when d is divided by 7?
4
Suppose 0 = q + 5, 3*c = -3*q + 24 - 3. Suppose -142 + 7 = -3*j. What is the remainder when j is divided by c?
9
Let f be (-13)/5 + (-2)/5. Let y(r) = -r**2 - 5*r - 3. Let q be y(f). Suppose -q*x + 28 = x. Calculate the remainder when x is divided by 4.
3
Let v = -125 - -135. Calculate the remainder when 129 is divided by v.
9
Let z(r) = -r**2 + 8*r + 2. Calculate the remainder when z(6) is divided by 4.
2
Let v = 32 - 12. Calculate the remainder when 79 is divided by v.
19
Let h(s) = 53*s + 8. Calculate the remainder when h(2) is divided by 30.
24
Let n(k) = 4*k**2 - 2*k + 3. Calculate the remainder when 36 is divided by n(2).
6
Let o(g) = 4*g**2 - 1. What is the remainder when o(-3) is divided by 13?
9
Let x = -19 - -54. What is the remainder when x is divided by 13?
9
Suppose 5 = 3*o - 3*x - 4, -24 = -4*o + x. Calculate the remainder when o is divided by 7.
0
Suppose 3*b + 55 = 8*b. Suppose 61 = 3*c + n, 2*n - 45 = -3*c + 14. Calculate the remainder when c is divided by b.
10
Suppose -3*c + c - 4 = 0. Let h(k) = -23*k + 1. What is the remainder when h(c) is divided by 16?
15
Suppose w + 2 = 5, -4*s - 2*w + 278 = 0. Let v be ((-43)/(-2) - -1)*-2. Let x = v + s. Calculate the remainder when x is divided by 8.
7
Let t(z) = -2*z - 3. What is the remainder when 83 is divided by t(-12)?
20
Suppose 0 = -l + 1, 2*b + 3*b - 2*l = 78. Calculate the remainder when b is divided by 9.
7
Let w = 7 - -13. Suppose 3*k - w = 22. Calculate the remainder when 25 is divided by k.
11
Suppose -3*j = 4*b - 29, -b = 2*j - 12 - 14. Let i = j + -4. What is the remainder when i is divided by 4?
3
Let g(n) = n**2 + 2*n - 12. What is the remainder when 20 is divided by g(-6)?
8
Let v(p) = -p**2 - 9*p - 2. Calculate the remainder when 14 is divided by v(-8).
2
Suppose 9*b - 3*b - 30 = 0. What is the remainder when b is divided by 4?
1
Let j be (14/8)/((-1)/(-8)). Suppose j = h - 0*h. Calculate the remainder when 40 is divided by h.
12
Suppose 5*c - 65 = 5*h, -2*c - 13 = -3*c + 3*h. Let r = -1 - -8. Calculate the remainder when c is divided by r.
6
Suppose -l = -4*u - 38 + 1, l - 3*u - 32 = 0. Calculate the remainder when 66 is divided by l.
15
Let g = 12 + -20. Let h be 15/(-10)*g/3. What is the remainder when h/6 - (-188)/6 is divided by 11?
10
Let d(c) = -2*c**2 + 2 - 3*c**2 + 4*c**2. Let h be d(2). What is the remainder when 33 is divided by (27/h)/(9/(-12))?
15
Let r = -18 + 26. Suppose 0 = -x + 4*l + 17, -3*x = -l - 44 - 40. Calculate the remainder when x is divided by r.
5
Suppose 0 = l - 2*l - 5*i - 14, -4 = -4*l - 5*i. Suppose 4*b - 5*b = -l. Calculate the remainder when b is divided by 4.
2
Let u = -36 - -21. What is the remainder when -1*u/(-9)*-15 is divided by 7?
4
Let c(i) = -3*i + 5. Let h be c(3). Suppose 4*u - 2 = 5*u. Let d = u - h. Calculate the remainder when 5 is divided by d.
1
Suppose -2*i - 1 + 5 = 0. Let x(r) = r + 4. Let u be x(-6). Let q(s) = -s + 1. What is the remainder when q(u) is divided by i?
1
Suppose 5*k = 5*g - 65, 41 = 2*g - 3*k + 10. Suppose -j + 0 = 4. Let u = j + 9. What is the remainder when g is